{"id":458,"date":"2020-08-25T08:34:30","date_gmt":"2020-08-25T08:34:30","guid":{"rendered":"https:\/\/www.ilona-wird-adam.ch\/?page_id=458"},"modified":"2020-08-25T08:36:02","modified_gmt":"2020-08-25T08:36:02","slug":"covid-19-schutzkonzept","status":"publish","type":"page","link":"https:\/\/www.ilona-wird-adam.ch\/?page_id=458","title":{"rendered":"Covid-19"},"content":{"rendered":"\n<p>Liebe G\u00e4ste<\/p>\n\n\n\n<p>Wir Ihr sicherlich schon mitbekommen habt, hat uns der Kanton Z\u00fcrich in der letzten Woche vor unserem Fest nochmals eine Aufgabe aufs Auge gedr\u00fcckt.<\/p>\n\n\n\n<p>Damit wir unser Fest mit euch unbeschwert feiern k\u00f6nnen sind wir euch dankbar wenn Ihr das folgende Konzept durchliest und uns zu kontaktieren falls etwas nicht verst\u00e4ndlich ist. <\/p>\n\n\n\n<p>Wir freuen uns dennoch auf ein gro\u00dfartiges Fest \ud83d\ude42<\/p>\n\n\n\n<p>Liebe Gr\u00fcsse und bis sehr bald<\/p>\n\n\n\n<p>Ilona und P\u00e4ddy<\/p>\n\n\n\n<p><\/p>\n\n\n\n<p><\/p>\n\n\n\n<div class=\"wp-block-file\"><a href=\"https:\/\/www.ilona-wird-adam.ch\/wp-content\/uploads\/2020\/08\/Schutzkonzept-Covid-19-Ilona-und-P\u00e4ddy.docx\">Schutzkonzept-Covid-19-Ilona-und-P\u00e4ddy<\/a><a href=\"https:\/\/www.ilona-wird-adam.ch\/wp-content\/uploads\/2020\/08\/Schutzkonzept-Covid-19-Ilona-und-P\u00e4ddy.docx\" class=\"wp-block-file__button\" download>Herunterladen<\/a><\/div>\n\n\n\n<p><\/p>\n","protected":false},"excerpt":{"rendered":"<p>Liebe G\u00e4ste Wir Ihr sicherlich schon mitbekommen habt, hat uns der Kanton Z\u00fcrich in der letzten Woche vor unserem Fest nochmals eine Aufgabe aufs Auge gedr\u00fcckt. Damit wir unser Fest [&hellip;]<\/p>\n","protected":false},"author":1,"featured_media":0,"parent":0,"menu_order":0,"comment_status":"closed","ping_status":"closed","template":"","meta":[],"_links":{"self":[{"href":"https:\/\/www.ilona-wird-adam.ch\/index.php?rest_route=\/wp\/v2\/pages\/458"}],"collection":[{"href":"https:\/\/www.ilona-wird-adam.ch\/index.php?rest_route=\/wp\/v2\/pages"}],"about":[{"href":"https:\/\/www.ilona-wird-adam.ch\/index.php?rest_route=\/wp\/v2\/types\/page"}],"author":[{"embeddable":true,"href":"https:\/\/www.ilona-wird-adam.ch\/index.php?rest_route=\/wp\/v2\/users\/1"}],"replies":[{"embeddable":true,"href":"https:\/\/www.ilona-wird-adam.ch\/index.php?rest_route=%2Fwp%2Fv2%2Fcomments&post=458"}],"version-history":[{"count":2,"href":"https:\/\/www.ilona-wird-adam.ch\/index.php?rest_route=\/wp\/v2\/pages\/458\/revisions"}],"predecessor-version":[{"id":461,"href":"https:\/\/www.ilona-wird-adam.ch\/index.php?rest_route=\/wp\/v2\/pages\/458\/revisions\/461"}],"wp:attachment":[{"href":"https:\/\/www.ilona-wird-adam.ch\/index.php?rest_route=%2Fwp%2Fv2%2Fmedia&parent=458"}],"curies":[{"name":"wp","href":"https:\/\/api.w.org\/{rel}","templated":true}]}}